{"id":33,"date":"2020-04-03T08:37:57","date_gmt":"2020-04-03T08:37:57","guid":{"rendered":"http:\/\/zimmerei-nikolaus-fischer.de\/?page_id=33"},"modified":"2023-01-23T08:18:47","modified_gmt":"2023-01-23T08:18:47","slug":"impressum","status":"publish","type":"page","link":"http:\/\/zimmerei-nikolaus-fischer.de\/?page_id=33","title":{"rendered":"Impressum"},"content":{"rendered":"\n<p><strong>Zimmerei Nikolaus Fischer<\/strong><br>Am Katzenberg 27a<br>87648 Aitrang<br>Telefon 0171 5430090<\/p>\n\n\n\n<p>E-Mail: info@zimmerei-nikolaus-fischer.de<br>Web: www.zimmerei-nikolaus-fischer.de<\/p>\n\n\n\n<p>Ust-IdNr DE 322531154<\/p>\n\n\n\n<p>Zust\u00e4ndige Kammern:<\/p>\n\n\n\n<p>Handwerkskammer f\u00fcr Schwaben<br>Siebentischstra\u00dfe 52 &#8211; 58<br>D-86161 Augsburg<\/p>\n\n\n\n<p><\/p>\n","protected":false},"excerpt":{"rendered":"<p>Zimmerei Nikolaus FischerAm Katzenberg 27a87648 AitrangTelefon 0171 5430090 E-Mail: info@zimmerei-nikolaus-fischer.deWeb: www.zimmerei-nikolaus-fischer.de Ust-IdNr DE 322531154 Zust\u00e4ndige Kammern: Handwerkskammer f\u00fcr SchwabenSiebentischstra\u00dfe 52 &#8211; 58D-86161 Augsburg<\/p>\n","protected":false},"author":1,"featured_media":0,"parent":0,"menu_order":0,"comment_status":"closed","ping_status":"closed","template":"","meta":{"footnotes":""},"class_list":["post-33","page","type-page","status-publish","hentry"],"_links":{"self":[{"href":"http:\/\/zimmerei-nikolaus-fischer.de\/index.php?rest_route=\/wp\/v2\/pages\/33","targetHints":{"allow":["GET"]}}],"collection":[{"href":"http:\/\/zimmerei-nikolaus-fischer.de\/index.php?rest_route=\/wp\/v2\/pages"}],"about":[{"href":"http:\/\/zimmerei-nikolaus-fischer.de\/index.php?rest_route=\/wp\/v2\/types\/page"}],"author":[{"embeddable":true,"href":"http:\/\/zimmerei-nikolaus-fischer.de\/index.php?rest_route=\/wp\/v2\/users\/1"}],"replies":[{"embeddable":true,"href":"http:\/\/zimmerei-nikolaus-fischer.de\/index.php?rest_route=%2Fwp%2Fv2%2Fcomments&post=33"}],"version-history":[{"count":3,"href":"http:\/\/zimmerei-nikolaus-fischer.de\/index.php?rest_route=\/wp\/v2\/pages\/33\/revisions"}],"predecessor-version":[{"id":88,"href":"http:\/\/zimmerei-nikolaus-fischer.de\/index.php?rest_route=\/wp\/v2\/pages\/33\/revisions\/88"}],"wp:attachment":[{"href":"http:\/\/zimmerei-nikolaus-fischer.de\/index.php?rest_route=%2Fwp%2Fv2%2Fmedia&parent=33"}],"curies":[{"name":"wp","href":"https:\/\/api.w.org\/{rel}","templated":true}]}}