{"id":2,"date":"2016-05-10T03:48:21","date_gmt":"2016-05-10T03:48:21","guid":{"rendered":"http:\/\/zimmerei-nikolaus-fischer.de\/?page_id=2"},"modified":"2023-01-23T08:19:32","modified_gmt":"2023-01-23T08:19:32","slug":"sample-page","status":"publish","type":"page","link":"http:\/\/zimmerei-nikolaus-fischer.de\/","title":{"rendered":"Willkommen"},"content":{"rendered":"<p>Hier werden Ihre Bautr\u00e4ume Realit\u00e4t.<br \/>\nMit Herzblut und Leidenschaft verwirklichen wir mit Ihnen Ihre Wunschprojekte.<\/p>\n<blockquote><p>Wir stehen f\u00fcr kompetente und zuverl\u00e4ssige Beratung und Betreuung von der Plan bis hin zur Fertigstellung.<\/p><\/blockquote>\n<p>Kundenzufriedenheit ist das h\u00f6chste Gut, daher bauen wir auf Transparenz, Effizienz und Begeisterung.<\/p>\n<blockquote><p>Pers\u00f6nlicher Kontakt ist uns wichtig, daher sind wir f\u00fcr Sie erreichbar.<\/p><\/blockquote>\n<p>Rufen Sie uns an unter der Telefonnummer 0171 5430090 oder senden Sie uns eine E-Mail.<\/p>\n","protected":false},"excerpt":{"rendered":"<p>Hier werden Ihre Bautr\u00e4ume Realit\u00e4t. Mit Herzblut und Leidenschaft verwirklichen wir mit Ihnen Ihre Wunschprojekte. Wir stehen f\u00fcr kompetente und zuverl\u00e4ssige Beratung und Betreuung von der Plan bis hin zur Fertigstellung. Kundenzufriedenheit ist das h\u00f6chste Gut, daher bauen wir auf Transparenz, Effizienz und Begeisterung. Pers\u00f6nlicher Kontakt ist uns wichtig, daher sind wir f\u00fcr Sie erreichbar. [&hellip;]<\/p>\n","protected":false},"author":1,"featured_media":0,"parent":0,"menu_order":1,"comment_status":"closed","ping_status":"open","template":"","meta":{"footnotes":""},"class_list":["post-2","page","type-page","status-publish","hentry"],"_links":{"self":[{"href":"http:\/\/zimmerei-nikolaus-fischer.de\/index.php?rest_route=\/wp\/v2\/pages\/2","targetHints":{"allow":["GET"]}}],"collection":[{"href":"http:\/\/zimmerei-nikolaus-fischer.de\/index.php?rest_route=\/wp\/v2\/pages"}],"about":[{"href":"http:\/\/zimmerei-nikolaus-fischer.de\/index.php?rest_route=\/wp\/v2\/types\/page"}],"author":[{"embeddable":true,"href":"http:\/\/zimmerei-nikolaus-fischer.de\/index.php?rest_route=\/wp\/v2\/users\/1"}],"replies":[{"embeddable":true,"href":"http:\/\/zimmerei-nikolaus-fischer.de\/index.php?rest_route=%2Fwp%2Fv2%2Fcomments&post=2"}],"version-history":[{"count":3,"href":"http:\/\/zimmerei-nikolaus-fischer.de\/index.php?rest_route=\/wp\/v2\/pages\/2\/revisions"}],"predecessor-version":[{"id":21,"href":"http:\/\/zimmerei-nikolaus-fischer.de\/index.php?rest_route=\/wp\/v2\/pages\/2\/revisions\/21"}],"wp:attachment":[{"href":"http:\/\/zimmerei-nikolaus-fischer.de\/index.php?rest_route=%2Fwp%2Fv2%2Fmedia&parent=2"}],"curies":[{"name":"wp","href":"https:\/\/api.w.org\/{rel}","templated":true}]}}